
-11
Let t(u) = -7*u**2 + 125*u + 2254. Determine t(29).
-8
Let q(f) = -2*f**3 - 43*f**2 + 26*f + 126. Give q(-22).
38
Let h(o) = 1981*o - 23766. Determine h(12).
6
Let g(c) = 2*c**3 + 18*c**2 - 147*c - 109. Give g(-14).
-11
Let n(i) = -10*i + 147. What is n(18)?
-33
Let l(f) = -f**2 - 9*f - 26. Determine l(-6).
-8
Let j(k) = k**3 + 147*k**2 - 139*k + 1313. Determine j(-148).
-19
Let r(l) = 2220*l + 13343. What is r(-6)?
23
Let u(d) = -59*d - 6. What is u(-2)?
112
Let t(g) = 21*g**2 - 2171*g + 817. Determine t(103).
-7
Let i(v) = 284*v + 1085. Determine i(-4).
-51
Let m(k) = 5*k**3 - 9*k - 9. Give m(-3).
-117
Let o(k) = -2*k**2 - 21*k - 149. Calculate o(-7).
-100
Let x(t) = t**3 + 78*t**2 + 72*t - 381. Give x(-77).
4
Let s(v) = -56*v + 194. Give s(0).
194
Let j(r) = 67*r + 206. What is j(-3)?
5
Let p(h) = 43*h - 522. What is p(13)?
37
Let b(y) = -y**3 + 131*y**2 + 140*y - 1054. Determine b(132).
2
Let k(a) = -a**3 + 134*a**2 + 275*a - 405. What is k(136)?
3
Let x(m) = 15*m**3 + 46*m**2 + 92*m + 3. Give x(-2).
-117
Let g(l) = -55*l + 1178. What is g(22)?
-32
Let s(t) = t**3 + 40*t**2 - 44*t + 77. Calculate s(-41).
200
Let d(y) = -10*y**2 - 234*y + 119. What is d(-23)?
211
Let o(r) = -2*r**3 + 12*r**2 - 53*r + 67. Determine o(2).
-7
Let y(t) = -305*t + 915. Determine y(3).
0
Let p(q) = 11*q**3 - 3*q**2 + 15*q - 29. What is p(2)?
77
Let f(k) = k**2 + 1379*k - 9697. Calculate f(7).
5
Let m(j) = -2*j - 73. Give m(-35).
-3
Let q(f) = 34*f + 1888. What is q(-55)?
18
Let z(q) = 128*q - 724. Calculate z(6).
44
Let c(v) = 59*v + 430. Give c(-5).
135
Let q(l) = -48*l + 3344. What is q(69)?
32
Let l(q) = q**3 - 5*q**2 - 35*q + 143. Calculate l(7).
-4
Let z(t) = 492*t**2 - 39853*t + 79. What is z(81)?
-2
Let t(h) = -16*h + 249. Determine t(-7).
361
Let h(c) = 12422*c + 24835. What is h(-2)?
-9
Let i(j) = 32*j + 35. Determine i(0).
35
Let t(f) = -22*f + 382. Determine t(6).
250
Let u(b) = 314*b + 628. Calculate u(-2).
0
Let a(u) = 17*u**2 - 191*u - 958. Give a(15).
2
Let y(r) = 3*r**3 - 62*r**2 - 159*r - 48. Determine y(23).
-2
Let q(z) = -z**3 - 9*z**2 + 6*z - 9. Give q(-3).
-81
Let h(s) = 2*s**2 + 120*s + 241. What is h(-58)?
9
Let f(s) = 952*s + 25707. Calculate f(-27).
3
Let w(t) = -t**3 - 19*t**2 + 8*t - 3. Calculate w(4).
-339
Let k(q) = 21*q + 111. Determine k(-8).
-57
Let x(d) = -d**2 + 15*d + 9. What is x(15)?
9
Let d(o) = 6*o**2 + 167*o - 246. Determine d(-31).
343
Let a(b) = 105*b**3 + b**2 - 2*b + 1. Give a(1).
105
Let c(x) = -6*x + 164. Determine c(35).
-46
Let s(c) = 25*c - 320. Calculate s(19).
155
Let h(v) = -317*v - 5118. Give h(-16).
-46
Let i(b) = -14*b**2 + 18*b - 9. Give i(-5).
-449
Let o(s) = -1321*s + 39636. What is o(30)?
6
Let g(k) = -4*k**2 - 24*k - 2. Determine g(-3).
34
Let x(z) = 131*z + 681. What is x(-11)?
-760
Let a(s) = 1086*s + 43429. What is a(-40)?
-11
Let a(g) = g**3 + g**2 - 99*g - 398. What is a(-5)?
-3
Let x(c) = 5*c - 65. Give x(16).
15
Let j(l) = 244*l + 1227. Determine j(-5).
7
Let t(m) = -19*m**2 - 185*m + 376. Give t(2).
-70
Let g(v) = -v**3 - 8*v**2 + 8*v + 25. Give g(-9).
34
Let z(o) = 76*o + 183. What is z(-2)?
31
Let c(v) = -199*v + 6571. Determine c(33).
4
Let a(c) = -c**3 + 21*c - 38. Calculate a(3).
-2
Let i(f) = -f**3 + 9*f**2 + 6*f - 108. What is i(8)?
4
Let r(q) = 3*q**2 - 37*q - 536. What is r(21)?
10
Let m(t) = t**3 - 54*t**2 - 1029*t - 423. Determine m(69).
-9
Let t(r) = 5*r**3 + 64*r**2 - 11*r + 17. What is t(-13)?
-9
Let n(a) = -a**2 + 52*a + 7251. Calculate n(115).
6
Let h(d) = -d + 55. Determine h(-23).
78
Let v(b) = -52*b + 81. Calculate v(4).
-127
Let d(y) = -3*y**3 + 6*y - 2. Calculate d(4).
-170
Let s(z) = -757*z - 5017. Determine s(-6).
-475
Let g(s) = -46*s - 1095. Calculate g(-24).
9
Let a(p) = p**3 + 7*p**2 + 10*p + 46. Determine a(-6).
22
Let f(b) = -b**3 + 5*b**2 - 11*b + 44. Give f(7).
-131
Let z(o) = 230*o + 13296. What is z(-58)?
-44
Let w(g) = -g**2 + 166*g + 2623. Determine w(181).
-92
Let n(m) = -2*m**2 + 179*m + 1246. Give n(-7).
-105
Let o(z) = -z + 118. Determine o(75).
43
Let z(i) = 5*i**3 + 9*i**2 - 53*i. Calculate z(3).
57
Let m(w) = 47*w + 3121. What is m(-66)?
19
Let s(z) = -8*z + 252. Determine s(33).
-12
Let n(d) = -d**3 + 42*d**2 - 2*d + 89. What is n(42)?
5
Let k(p) = 46*p + 202. Give k(-8).
-166
Let z(m) = 688*m + 3430. Give z(-5).
-10
Let v(r) = -2*r**3 - 51*r**2 - 27*r + 33. Give v(-25).
83
Let p(i) = -233*i - 1668. What is p(-8)?
196
Let q(y) = 1370*y + 65754. Give q(-48).
-6
Let o(l) = 19*l + 50. What is o(-5)?
-45
Let k(o) = -3*o**3 + 60*o**2 - 188*o - 27. What is k(16)?
37
Let c(p) = -40*p - 2586. Calculate c(-65).
14
Let u(y) = y**3 - 46*y**2 - 96*y + 4. Give u(48).
4
Let h(x) = -10*x**2 - 12*x - 60. Give h(-6).
-348
Let r(g) = -g**3 - 7*g**2 + g - 14. Calculate r(-7).
-21
Let h(i) = 1425*i + 5704. Give h(-4).
4
Let z(v) = -132*v - 1435. What is z(-12)?
149
Let x(m) = -8*m**2 - 201*m - 17. Determine x(-25).
8
Let s(d) = 4*d**3 + 266*d**2 - 156*d - 1481. Determine s(-67).
-7
Let q(z) = z**2 + 149*z + 5551. Determine q(-75).
1
Let t(c) = 2*c**2 + 788*c + 54299. Give t(-305).
9
Let h(l) = -28*l + 269. Calculate h(12).
-67
Let p(d) = -36*d - 586. What is p(-16)?
-10
Let v(i) = 26*i + 3. Give v(3).
81
Let t(r) = -2*r**2 + 232*r - 1526. Calculate t(7).
0
Let f(q) = 2*q**2 - 160*q + 120. Calculate f(79).
-38
Let n(r) = 284*r + 1977. Calculate n(-7).
-11
Let w(s) = 212*s + 1927. Calculate w(-9).
19
Let a(o) = -47*o**2 + 1531*o + 5799. What is a(36)?
3
Let k(b) = b**3 - 63*b**2 + 9*b - 551. Calculate k(63).
16
Let j(c) = 2*c**3 + 16*c**2 + 165. Calculate j(0).
165
Let y(p) = p**3 - 5*p**2 + 27*p - 776. What is y(10)?
-6
Let j(r) = -r**2 + 5*r + 253. Give j(22).
-121
Let v(g) = -g**3 + 14*g**2 + 2*g + 16. Determine v(7).
373
Let a(l) = -118*l**3 - 22*l**2 - 20*l + 1. Determine a(-1).
117
Let z(r) = -61*r - 5418. Give z(-89).
11
Let p(l) = l**2 + 573*l - 2287. What is p(4)?
21
Let h(x) = -x**3 - 87*x**2 - 409*x + 82. Calculate h(-82).
0
Let y(v) = 10*v - 308. What is y(60)?
292
Let a(i) = 2*i**3 - 223*i**2 - 125*i + 1533. Give a(112).
77
Let j(z) = z**3 - 47*z**2 - 48*z + 23. Determine j(48).
23
Let i(y) = -143*y + 18591. Give i(130).
1
Let b(x) = -x**3 + 204*x**2 - 1186*x - 397. What is b(198)?
-1
Let m(h) = -16*h**2 - 19*h - 7. Determine m(-3).
-94
Let u(z) = 11*z**2 + 76*z + 241. Give u(-3).
112
Let q(d) = d**3 - 24*d**2 - 28*d + 5. Give q(25).
-70
Let j(t) = -7*t + 20. Give j(8).
-36
Let l(p) = -3*p**2 - 93*p - 185. Determine l(-2).
-11
Let p(j) = -j**3 + 14*j**2 - 3*j - 22. What is p(13)?
108
Let x(d) = -447*d + 33073. Give x(74).
-5
Let w(l) = -l**3 - 8*l**2 + 87. Determine w(-6).
15
Let p(v) = -v**3 + 20*v**2 - 100*v + 172. What is p(9)?
163
Let g(o) = 111*o - 457. Calculate g(4).
-13
Let g(o) = -16*o - 992. Give g(-57).
-80
Let n(t) = 102*t - 910. Give n(9).
8
Let f(n) = -n**2 + 18*n - 237. Give f(-29).
-1600
Let g(o) = -o**2 + 12*o + 119. Calculate g(-7).
-14
Let f(s) = -27*s + 1099. Determine f(41).
-8
Let s(n) = n**3 + 6*n**2 + 5*n + 8. Calculate s(-4).
20
Let p(k) = 30*k**2 - 628*k - 92. What is p(21)?
-50
Let b(x) = x**2 + 28*x - 34. Calculate b(-28).
-34
Let i(a) = -a**3 + 9*a**2 - 5*a - 93. Determine i(7).
-30
Let l(p) = -7*p + 543. Calculate l(79).
-10
Let u(s) = -154*s - 1349. Determine u(-8).
-117
Let r(c) = -2457*c - 7398. What is r(-3)?
-27
Let g(j) = -11*j + 92. Determine g(8).
4
Let i(x) = -x**2 - 46*x - 106. Calculate i(-22).
422
Let d(q) = -55*q - 2418. Determine d(-44).
2
Let f(w) = -23*w**2 + 113*w - 9. What is f(5)?
-19
Let l(c) = 89*c - 4. What is l(3)?
263
Let c(w) = w**3 + 31*w**2 + 13*w + 404. What is c(-31)?
1
Let p(o) = 266*o - 1366. What is p(5)?
-36
Let a(x) = x**2 - 34*x + 272. Give a(12).
8
Let s(r) = 1543*r + 18494. What is s(-12)?
-22
Let y(l) = -l**3 + 22*l**2 + 166*l + 49. What is y(28)?
-7
Let z(d) = d**3 + 14*d**2 - 6*d + 3. Calculate z(-14).
87
Let q(p) = -10*p**2 + 43*p + 9. Calculate q(4).
21
Let k(u) = -u**3 + 147*u**2 + 234*u + 9468. Calculate k(149).
-68
Let q(h) = -19*h**3 - 4*h**2 + 18*h - 20. What is q(2)?
-152
Let j(v) = 9*v**2 - 814*v + 371. What is j(90)?
11
Let t(b) = 43*b - 2407. Determine t(57).
44
Let d(g) = 2*g**2 - 78*g - 1586. Give d(-15).
34
Let t(l) = 427*l + 16644. Give t(-39).
-9
Let j(x) = 15*x**2 + 4